{"id":67,"date":"2020-07-20T16:20:08","date_gmt":"2020-07-20T16:20:08","guid":{"rendered":"https:\/\/sichtbar-lernen.de\/?page_id=67"},"modified":"2023-02-26T18:06:45","modified_gmt":"2023-02-26T18:06:45","slug":"ueber-uns","status":"publish","type":"page","link":"https:\/\/sichtbar-lernen.de\/?page_id=67","title":{"rendered":"\u00dcber uns"},"content":{"rendered":"\r\n\r\n\r\n<div class=\"wp-block-media-text alignwide is-stacked-on-mobile\" style=\"grid-template-columns: 44% auto;\">\r\n<figure class=\"wp-block-media-text__media\"><img decoding=\"async\" loading=\"lazy\" class=\"aligncenter size-full wp-image-227\" src=\"https:\/\/sichtbar-lernen.de\/wp-content\/uploads\/2023\/02\/David_2021-scaled.jpg\" alt=\"\" width=\"1920\" height=\"2560\" srcset=\"https:\/\/sichtbar-lernen.de\/wp-content\/uploads\/2023\/02\/David_2021-scaled.jpg 1920w, https:\/\/sichtbar-lernen.de\/wp-content\/uploads\/2023\/02\/David_2021-225x300.jpg 225w, https:\/\/sichtbar-lernen.de\/wp-content\/uploads\/2023\/02\/David_2021-768x1024.jpg 768w, https:\/\/sichtbar-lernen.de\/wp-content\/uploads\/2023\/02\/David_2021-1152x1536.jpg 1152w, https:\/\/sichtbar-lernen.de\/wp-content\/uploads\/2023\/02\/David_2021-1536x2048.jpg 1536w\" sizes=\"(max-width: 1920px) 100vw, 1920px\" \/><\/figure>\r\n<div class=\"wp-block-media-text__content\">\r\n<p><strong>David Tepa\u00dfe<\/strong>, Leiter des ZfsL Detmold, fr\u00fcher mal stellvertretender Schulleiter am Gymnasium Harsewinkel, Lehrer f\u00fcr Informatik, Sozialwissenschaften und Mathematik lange Fachleiter f\u00fcr Informatik am ZfsL Paderborn gewesen. Ich blogge hier vor allem zur Schulentwicklung und zur Rolle der Schulleitung in der Kultur der Digitalit\u00e4t und freue mich auf Austausch und Impulse von au\u00dfen!<\/p>\r\n\r\n\r\n<\/div>\r\n<\/div>\r\n\r\n\r\n\r\n<div class=\"wp-block-media-text alignwide is-stacked-on-mobile\" style=\"grid-template-columns: 44% auto;\">\r\n<figure class=\"wp-block-media-text__media\"><img decoding=\"async\" loading=\"lazy\" width=\"738\" height=\"1024\" class=\"wp-image-68\" src=\"https:\/\/sichtbar-lernen.de\/wp-content\/uploads\/2020\/07\/IMG_2654-738x1024.jpg\" alt=\"\" srcset=\"https:\/\/sichtbar-lernen.de\/wp-content\/uploads\/2020\/07\/IMG_2654-738x1024.jpg 738w, https:\/\/sichtbar-lernen.de\/wp-content\/uploads\/2020\/07\/IMG_2654-216x300.jpg 216w, https:\/\/sichtbar-lernen.de\/wp-content\/uploads\/2020\/07\/IMG_2654-768x1065.jpg 768w, https:\/\/sichtbar-lernen.de\/wp-content\/uploads\/2020\/07\/IMG_2654.jpg 971w\" sizes=\"(max-width: 738px) 100vw, 738px\" \/><\/figure>\r\n<div class=\"wp-block-media-text__content\">\r\n<p><strong>Dr. Lars Zumbansen <\/strong>didaktischer Leiter am Gymnasium Harsewinkel, Kunst- und Deutschlehrer, lange der der Uni u. in der Lehrerfortbildung gearbeitet, publizistisch t\u00e4tig in der Kunstdidaktik. Ich blogge hier zu Themen u. Beispielen der Schul- und Unterrichtsentwicklung in der Kultur der Digitalit\u00e4t u. freue mich auf Austausch und Impulse von au\u00dfen!<\/p>\r\n\r\n\r\n\r\n<p>&nbsp;<\/p>\r\n<\/div>\r\n<\/div>\r\n\r\n\r\n\r\n<p>&nbsp;<\/p>\r\n\r\n<div class=\"wp-block-media-text alignwide is-stacked-on-mobile\" style=\"grid-template-columns: 44% auto;\">\r\n<figure class=\"wp-block-media-text__media\"><img decoding=\"async\" loading=\"lazy\" width=\"908\" height=\"1024\" class=\"wp-image-93\" src=\"https:\/\/sichtbar-lernen.de\/wp-content\/uploads\/2020\/11\/fotop-908x1024.jpg\" alt=\"\" srcset=\"https:\/\/sichtbar-lernen.de\/wp-content\/uploads\/2020\/11\/fotop-908x1024.jpg 908w, https:\/\/sichtbar-lernen.de\/wp-content\/uploads\/2020\/11\/fotop-266x300.jpg 266w, https:\/\/sichtbar-lernen.de\/wp-content\/uploads\/2020\/11\/fotop-768x866.jpg 768w, https:\/\/sichtbar-lernen.de\/wp-content\/uploads\/2020\/11\/fotop.jpg 1135w\" sizes=\"(max-width: 908px) 100vw, 908px\" \/><\/figure>\r\n<div class=\"wp-block-media-text__content\">\r\n<p><strong><strong>Patricia Drewes<\/strong>, <\/strong>Didaktische Leiterin am Gymnasium Bethel, Lehrerin f\u00fcr Deutsch und Geschichte, nebenbei in der Lehrerfortbildung und Schulentwicklungsberatung t\u00e4tig. Ich blogge hier und <a href=\"https:\/\/fraukreis.wordpress.com\/\">anderswo<\/a> zu Themen der Schulentwicklung und zeitgem\u00e4\u00dfen Unterrichts in einer Kultur der Digitalit\u00e4t. Ziel dabei: eine Schule, die von der Zukunft her gedacht wird.<\/p>\r\n\r\n\r\n<\/div>\r\n<\/div>\r\n\r\n\r\n<!-- wp:media-text {\"mediaId\":73,\"mediaLink\":\"https:\/\/sichtbar-lernen.de\/?attachment_id=73\",\"mediaType\":\"image\",\"mediaWidth\":44} -->\r\n<div class=\"wp-block-media-text alignwide is-stacked-on-mobile\" style=\"grid-template-columns: 44% auto;\">\r\n<figure class=\"wp-block-media-text__media\"><img decoding=\"async\" loading=\"lazy\" class=\"aligncenter size-full wp-image-227\" src=\"https:\/\/sichtbar-lernen.de\/wp-content\/uploads\/2023\/02\/David_2021-scaled.jpg\" alt=\"\" width=\"1920\" height=\"2560\" srcset=\"https:\/\/sichtbar-lernen.de\/wp-content\/uploads\/2023\/02\/David_2021-scaled.jpg 1920w, https:\/\/sichtbar-lernen.de\/wp-content\/uploads\/2023\/02\/David_2021-225x300.jpg 225w, https:\/\/sichtbar-lernen.de\/wp-content\/uploads\/2023\/02\/David_2021-768x1024.jpg 768w, https:\/\/sichtbar-lernen.de\/wp-content\/uploads\/2023\/02\/David_2021-1152x1536.jpg 1152w, https:\/\/sichtbar-lernen.de\/wp-content\/uploads\/2023\/02\/David_2021-1536x2048.jpg 1536w\" sizes=\"(max-width: 1920px) 100vw, 1920px\" \/><\/figure>\r\n<div class=\"wp-block-media-text__content\"><!-- wp:paragraph -->\r\n<p><strong>David Tepa\u00dfe<\/strong>, Leiter des ZfsL Detmold, fr\u00fcher mal stellvertretender Schulleiter am Gymnasium Harsewinkel, Lehrer f\u00fcr Informatik, Sozialwissenschaften und Mathematik lange Fachleiter f\u00fcr Informatik am ZfsL Paderborn gewesen. Ich blogge hier vor allem zur Schulentwicklung und zur Rolle der Schulleitung in der Kultur der Digitalit\u00e4t und freue mich auf Austausch und Impulse von au\u00dfen!<\/p>\r\n<!-- \/wp:paragraph -->\r\n\r\n<!-- wp:paragraph --><\/div>\r\n<\/div>\r\n<!-- \/wp:paragraph -->\r\n\r\n<!-- wp:media-text {\"mediaId\":68,\"mediaLink\":\"https:\/\/sichtbar-lernen.de\/?attachment_id=68\",\"mediaType\":\"image\",\"mediaWidth\":44} -->\r\n<div class=\"wp-block-media-text alignwide is-stacked-on-mobile\" style=\"grid-template-columns: 44% auto;\">\r\n<figure class=\"wp-block-media-text__media\"><img decoding=\"async\" loading=\"lazy\" width=\"738\" height=\"1024\" class=\"wp-image-68\" src=\"https:\/\/sichtbar-lernen.de\/wp-content\/uploads\/2020\/07\/IMG_2654-738x1024.jpg\" alt=\"\" srcset=\"https:\/\/sichtbar-lernen.de\/wp-content\/uploads\/2020\/07\/IMG_2654-738x1024.jpg 738w, https:\/\/sichtbar-lernen.de\/wp-content\/uploads\/2020\/07\/IMG_2654-216x300.jpg 216w, https:\/\/sichtbar-lernen.de\/wp-content\/uploads\/2020\/07\/IMG_2654-768x1065.jpg 768w, https:\/\/sichtbar-lernen.de\/wp-content\/uploads\/2020\/07\/IMG_2654.jpg 971w\" sizes=\"(max-width: 738px) 100vw, 738px\" \/><\/figure>\r\n<div class=\"wp-block-media-text__content\"><!-- wp:paragraph -->\r\n<p><strong>Dr. Lars Zumbansen <\/strong>didaktischer Leiter am Gymnasium Harsewinkel, Kunst- und Deutschlehrer, lange der der Uni u. in der Lehrerfortbildung gearbeitet, publizistisch t\u00e4tig in der Kunstdidaktik. Ich blogge hier zu Themen u. Beispielen der Schul- und Unterrichtsentwicklung in der Kultur der Digitalit\u00e4t u. freue mich auf Austausch und Impulse von au\u00dfen!<\/p>\r\n<!-- \/wp:paragraph -->\r\n\r\n<!-- wp:paragraph -->\r\n<p>&nbsp;<\/p>\r\n<!-- \/wp:paragraph --><\/div>\r\n<\/div>\r\n<!-- \/wp:media-text -->\r\n\r\n<!-- wp:paragraph -->\r\n<p>&nbsp;<\/p>\r\n<!-- \/wp:paragraph -->","protected":false},"excerpt":{"rendered":"<p>Patricia Drewes, Didaktische Leiterin am Gymnasium Bethel, Lehrerin f\u00fcr Deutsch und Geschichte, nebenbei in der Lehrerfortbildung und Schulentwicklungsberatung t\u00e4tig. Ich blogge hier und anderswo zu Themen der Schulentwicklung und zeitgem\u00e4\u00dfen Unterrichts in einer Kultur der Digitalit\u00e4t. Ziel dabei: eine Schule, die von der Zukunft her gedacht wird. David Tepa\u00dfe, Leiter des ZfsL Detmold, fr\u00fcher mal [&hellip;]<\/p>\n","protected":false},"author":2,"featured_media":0,"parent":0,"menu_order":1,"comment_status":"closed","ping_status":"closed","template":"","meta":[],"jetpack_sharing_enabled":true,"_links":{"self":[{"href":"https:\/\/sichtbar-lernen.de\/index.php?rest_route=\/wp\/v2\/pages\/67"}],"collection":[{"href":"https:\/\/sichtbar-lernen.de\/index.php?rest_route=\/wp\/v2\/pages"}],"about":[{"href":"https:\/\/sichtbar-lernen.de\/index.php?rest_route=\/wp\/v2\/types\/page"}],"author":[{"embeddable":true,"href":"https:\/\/sichtbar-lernen.de\/index.php?rest_route=\/wp\/v2\/users\/2"}],"replies":[{"embeddable":true,"href":"https:\/\/sichtbar-lernen.de\/index.php?rest_route=%2Fwp%2Fv2%2Fcomments&post=67"}],"version-history":[{"count":9,"href":"https:\/\/sichtbar-lernen.de\/index.php?rest_route=\/wp\/v2\/pages\/67\/revisions"}],"predecessor-version":[{"id":229,"href":"https:\/\/sichtbar-lernen.de\/index.php?rest_route=\/wp\/v2\/pages\/67\/revisions\/229"}],"wp:attachment":[{"href":"https:\/\/sichtbar-lernen.de\/index.php?rest_route=%2Fwp%2Fv2%2Fmedia&parent=67"}],"curies":[{"name":"wp","href":"https:\/\/api.w.org\/{rel}","templated":true}]}}

Über uns

<div class="wp-block-media-text alignwide is-stacked-on-mobile" style="grid-template-columns: 44% auto;">
<figure class="wp-block-media-text__media"><img decoding="async" loading="lazy" class="aligncenter size-full wp-image-227" src="https://sichtbar-lernen.de/wp-content/uploads/2023/02/David_2021-scaled.jpg" alt="" width="1920" height="2560" srcset="https://sichtbar-lernen.de/wp-content/uploads/2023/02/David_2021-scaled.jpg 1920w, https://sichtbar-lernen.de/wp-content/uploads/2023/02/David_2021-225x300.jpg 225w, https://sichtbar-lernen.de/wp-content/uploads/2023/02/David_2021-768x1024.jpg 768w, https://sichtbar-lernen.de/wp-content/uploads/2023/02/David_2021-1152x1536.jpg 1152w, https://sichtbar-lernen.de/wp-content/uploads/2023/02/David_2021-1536x2048.jpg 1536w" sizes="(max-width: 1920px) 100vw, 1920px" /></figure>
<div class="wp-block-media-text__content">
<p><strong>David Tepaße</strong>, Leiter des ZfsL Detmold, früher mal stellvertretender Schulleiter am Gymnasium Harsewinkel, Lehrer für Informatik, Sozialwissenschaften und Mathematik lange Fachleiter für Informatik am ZfsL Paderborn gewesen. Ich blogge hier vor allem zur Schulentwicklung und zur Rolle der Schulleitung in der Kultur der Digitalität und freue mich auf Austausch und Impulse von außen!</p>


</div>
</div>



<div class="wp-block-media-text alignwide is-stacked-on-mobile" style="grid-template-columns: 44% auto;">
<figure class="wp-block-media-text__media"><img decoding="async" loading="lazy" width="738" height="1024" class="wp-image-68" src="https://sichtbar-lernen.de/wp-content/uploads/2020/07/IMG_2654-738x1024.jpg" alt="" srcset="https://sichtbar-lernen.de/wp-content/uploads/2020/07/IMG_2654-738x1024.jpg 738w, https://sichtbar-lernen.de/wp-content/uploads/2020/07/IMG_2654-216x300.jpg 216w, https://sichtbar-lernen.de/wp-content/uploads/2020/07/IMG_2654-768x1065.jpg 768w, https://sichtbar-lernen.de/wp-content/uploads/2020/07/IMG_2654.jpg 971w" sizes="(max-width: 738px) 100vw, 738px" /></figure>
<div class="wp-block-media-text__content">
<p><strong>Dr. Lars Zumbansen </strong>didaktischer Leiter am Gymnasium Harsewinkel, Kunst- und Deutschlehrer, lange der der Uni u. in der Lehrerfortbildung gearbeitet, publizistisch tätig in der Kunstdidaktik. Ich blogge hier zu Themen u. Beispielen der Schul- und Unterrichtsentwicklung in der Kultur der Digitalität u. freue mich auf Austausch und Impulse von außen!</p>



<p>&nbsp;</p>
</div>
</div>



<p>&nbsp;</p>

<div class="wp-block-media-text alignwide is-stacked-on-mobile" style="grid-template-columns: 44% auto;">
<figure class="wp-block-media-text__media"><img decoding="async" loading="lazy" width="908" height="1024" class="wp-image-93" src="https://sichtbar-lernen.de/wp-content/uploads/2020/11/fotop-908x1024.jpg" alt="" srcset="https://sichtbar-lernen.de/wp-content/uploads/2020/11/fotop-908x1024.jpg 908w, https://sichtbar-lernen.de/wp-content/uploads/2020/11/fotop-266x300.jpg 266w, https://sichtbar-lernen.de/wp-content/uploads/2020/11/fotop-768x866.jpg 768w, https://sichtbar-lernen.de/wp-content/uploads/2020/11/fotop.jpg 1135w" sizes="(max-width: 908px) 100vw, 908px" /></figure>
<div class="wp-block-media-text__content">
<p><strong><strong>Patricia Drewes</strong>, </strong>Didaktische Leiterin am Gymnasium Bethel, Lehrerin für Deutsch und Geschichte, nebenbei in der Lehrerfortbildung und Schulentwicklungsberatung tätig. Ich blogge hier und <a href="https://fraukreis.wordpress.com/">anderswo</a> zu Themen der Schulentwicklung und zeitgemäßen Unterrichts in einer Kultur der Digitalität. Ziel dabei: eine Schule, die von der Zukunft her gedacht wird.</p>


</div>
</div>


<!-- wp:media-text {"mediaId":73,"mediaLink":"https://sichtbar-lernen.de/?attachment_id=73","mediaType":"image","mediaWidth":44} -->
<div class="wp-block-media-text alignwide is-stacked-on-mobile" style="grid-template-columns: 44% auto;">
<figure class="wp-block-media-text__media"><img decoding="async" loading="lazy" class="aligncenter size-full wp-image-227" src="https://sichtbar-lernen.de/wp-content/uploads/2023/02/David_2021-scaled.jpg" alt="" width="1920" height="2560" srcset="https://sichtbar-lernen.de/wp-content/uploads/2023/02/David_2021-scaled.jpg 1920w, https://sichtbar-lernen.de/wp-content/uploads/2023/02/David_2021-225x300.jpg 225w, https://sichtbar-lernen.de/wp-content/uploads/2023/02/David_2021-768x1024.jpg 768w, https://sichtbar-lernen.de/wp-content/uploads/2023/02/David_2021-1152x1536.jpg 1152w, https://sichtbar-lernen.de/wp-content/uploads/2023/02/David_2021-1536x2048.jpg 1536w" sizes="(max-width: 1920px) 100vw, 1920px" /></figure>
<div class="wp-block-media-text__content"><!-- wp:paragraph -->
<p><strong>David Tepaße</strong>, Leiter des ZfsL Detmold, früher mal stellvertretender Schulleiter am Gymnasium Harsewinkel, Lehrer für Informatik, Sozialwissenschaften und Mathematik lange Fachleiter für Informatik am ZfsL Paderborn gewesen. Ich blogge hier vor allem zur Schulentwicklung und zur Rolle der Schulleitung in der Kultur der Digitalität und freue mich auf Austausch und Impulse von außen!</p>
<!-- /wp:paragraph -->

<!-- wp:paragraph --></div>
</div>
<!-- /wp:paragraph -->

<!-- wp:media-text {"mediaId":68,"mediaLink":"https://sichtbar-lernen.de/?attachment_id=68","mediaType":"image","mediaWidth":44} -->
<div class="wp-block-media-text alignwide is-stacked-on-mobile" style="grid-template-columns: 44% auto;">
<figure class="wp-block-media-text__media"><img decoding="async" loading="lazy" width="738" height="1024" class="wp-image-68" src="https://sichtbar-lernen.de/wp-content/uploads/2020/07/IMG_2654-738x1024.jpg" alt="" srcset="https://sichtbar-lernen.de/wp-content/uploads/2020/07/IMG_2654-738x1024.jpg 738w, https://sichtbar-lernen.de/wp-content/uploads/2020/07/IMG_2654-216x300.jpg 216w, https://sichtbar-lernen.de/wp-content/uploads/2020/07/IMG_2654-768x1065.jpg 768w, https://sichtbar-lernen.de/wp-content/uploads/2020/07/IMG_2654.jpg 971w" sizes="(max-width: 738px) 100vw, 738px" /></figure>
<div class="wp-block-media-text__content"><!-- wp:paragraph -->
<p><strong>Dr. Lars Zumbansen </strong>didaktischer Leiter am Gymnasium Harsewinkel, Kunst- und Deutschlehrer, lange der der Uni u. in der Lehrerfortbildung gearbeitet, publizistisch tätig in der Kunstdidaktik. Ich blogge hier zu Themen u. Beispielen der Schul- und Unterrichtsentwicklung in der Kultur der Digitalität u. freue mich auf Austausch und Impulse von außen!</p>
<!-- /wp:paragraph -->

<!-- wp:paragraph -->
<p>&nbsp;</p>
<!-- /wp:paragraph --></div>
</div>
<!-- /wp:media-text -->

<!-- wp:paragraph -->
<p>&nbsp;</p>
<!-- /wp:paragraph -->

<p>Patricia Drewes, Didaktische Leiterin am Gymnasium Bethel, Lehrerin für Deutsch und Geschichte, nebenbei in der Lehrerfortbildung und Schulentwicklungsberatung tätig. Ich blogge hier und anderswo zu Themen der Schulentwicklung und zeitgemäßen Unterrichts in einer Kultur der Digitalität. Ziel dabei: eine Schule, die von der Zukunft her gedacht wird. David Tepaße, Leiter des ZfsL Detmold, früher mal [&hellip;]</p>
